 2)
127
Evaluate -1 + -36 - (-2040 - -2037).
-34
Evaluate 7 - 132 - (-2 - 33).
-90
What is the value of -176 + (130 - -91) - (1 - -41)?
3
What is the value of -58 - -8 - (-51 + -26 + 60)?
-33
(-26 - (-46 + -37)) + -58
-1
What is 51 - ((16 - 31) + (8 - (-12 + 3 + 6)))?
55
What is 21 + (0 + -43 - 27)?
-49
Calculate -98 + 55 + (36 - -77).
70
Evaluate 768 - 800 - (-1 + -3 + 6) - -10.
-24
What is the value of -28 - (-89 + 36 + -23)?
48
Evaluate (45 - 3) + -233 + 205.
14
What is (-36 - -125) + 53 + -93?
49
Calculate 86 + (92 - 72) + -181.
-75
Evaluate -1 - (-8 - (3 + -7)) - (50 + -92).
45
Evaluate (57 - 45) + -182 - -86.
-84
Calculate 0 - (32 + -49) - -31.
48
Evaluate -38 + -27 + 14 + 2 + 10 + -6.
-45
Calculate (-24 - (14 + -43)) + (-3 - 10).
-8
1 - (38 - (12 + -10 + -12 - -16))
-31
What is the value of 45 - (-131 - -285) - -70?
-39
Evaluate -121 + -1 + (75 - 32).
-79
-41 + 81 + -134 + (1 - -10 - (1 - 2))
-82
What is -9 + 20 + 77 - (11 + 13)?
64
Calculate (-2 + 7 + -4 - -3) + (-14 - 49) + 73.
14
What is (-2997 - -2996) + (19 - 2) + 2 + -3?
15
Evaluate 3 + (2 - -5) - (48 + -15) - -7.
-16
-14 - (4 - (17 + (21 + -9 - 25)))
-14
What is the value of (-62 - -24) + -334 + 478?
106
What is the value of 161 + 77 + -85 + -88?
65
Evaluate -467 + 428 - (-3 + -5 + (-4 - -2) + 0).
-29
Evaluate 12 - ((6 - -5) + (-15 - (-1 + -4))).
11
What is -3 + -12 + 2 + 55 - (-10 - -23)?
29
Evaluate (2 - (-6 + (3 - -3)) - 10) + 68 + 0.
60
What is (-101 - 68) + (87 - 31)?
-113
What is (-17 - (1 - 4)) + (-848 - -809)?
-53
What is the value of (-35 - -14 - -45) + 71 - -8?
103
85 + -82 + 6 + -5 + 2 - 42
-36
Evaluate (-49 - (3 - 8)) + (36 - 16) + -9.
-33
Calculate -28 + (20 - 37) + 52.
7
34 + (34 - (18 + 36)) + (-3 - 85)
-74
What is the value of -7 + 5 + -6 + 10 + -20 + 7?
-11
Evaluate -10 - (5 + (-10 - 28)) - 38.
-15
What is -113 - (-10 + -61) - 54?
-96
What is the value of -6 - (-14 + -25 + -12)?
45
Evaluate (-38 - -55) + 19 - -7.
43
What is 33 - ((3 - (18 + -31 - -14)) + -24)?
55
What is the value of 105 + (104 - (143 - 23))?
89
1 + (-47 - -60 - (6 - -1 - 4))
11
What is the value of (23 - (0 - (20 + -21))) + -37?
-15
What is the value of (75 - (23 - -14)) + -157 + 7?
-112
(-2 - (-23 + 3)) + (925 - 897)
46
(-85 - -1) + -18 + -43 + 99 + -39
-85
15 + -8 + 6 - -16 - (2 + -12 + 3)
36
12 - (62 + (-60 - -6) + (2 - 26))
28
Calculate 4 + -35 - (709 + -738).
-2
Evaluate (-8 - 34) + 22 + -36 + 3.
-53
Calculate -25 + 170 + -47 + -19.
79
Evaluate (-241 - -249) + 4 + (8 - 30).
-10
Calculate 11 + 16 + (31 - 1 - 76).
-19
Calculate 32 + (43 - 51) + -5.
19
(92 + -136 - 90) + 110
-24
What is (-8 - 22 - (3 - 13)) + -15?
-35
Evaluate -58 + (131 - (-52 + 109)).
16
What is the value of -7 + ((16 - -8) + -5 - 26)?
-14
Evaluate -339 + 308 + -15 + 2.
-44
What is the value of (24 - (23 + (45 - -5))) + 136?
87
Evaluate -107 + 127 + (0 + 8 + 4 - -4).
36
19 + -2 + 8 + 14 + -54
-15
What is the value of 11 - ((-27 - 29) + 41)?
26
What is the value of 95 - (-237 - -229 - (1 + 4 + (-8 - 3)))?
97
Evaluate 183 + (39 - 126) + -102.
-6
What is -16 + 26 + -54 + 37?
-7
Evaluate -1 + -35 + 21 + (112 - 24).
73
What is -157 + 143 + (-2 - (2 - 27))?
9
Calculate -11 + (0 + -1 - (-15 + (31 - 35))) - 16.
-9
What is (35 - (79 + -52 + -6)) + (1 + -1 - 68)?
-54
80 + (-77 - -156 - 213)
-54
1 + -8 + 10 + -6 + (23 - 5)
15
Evaluate (-3 - -2) + -223 + 239 + 37.
52
Evaluate (-58 - -40 - -77) + 1 + -12 + -14.
34
What is -60 + 55 + (8 + 32 - -10) + 0 + 12?
57
Evaluate -47 - (-32 + (55 - 38)).
-32
-47 + 99 + -35 - -24
41
What is the value of (-44 - (11 - 59)) + (29 - (5 + -2))?
30
What is 18 + 0 + 1 + -12 + -4 + -27?
-24
Evaluate 6 - 38 - (-13 + -109 - 16).
106
Evaluate -68 + -3 + 47 + -8 + -1 + -12 + -13.
-58
What is -1 - 6 - -17 - -1 - (-6 - -15 - -27)?
-25
Evaluate 1 + 6 - (61 + -135 + 58).
23
Calculate -98 - (-76 + 41 - 14).
-49
What is 20 + 10 + (6 - 19) - -23?
40
-10 + (-10 + 11 - 6) - (-31 + -19)
35
Calculate -3 - (-13 + -6 - 6) - 85.
-63
What is the value of -14 - (-59 + -1) - (9 - 4)?
41
What is the value of (19 - (-27 + 70)) + 2 + (-1 - 2)?
-25
Calculate (37 - 119) + 48 - -22.
-12
What is the value of -104 - -106 - 18 - (-23 - -2)?
5
-72 - -58 - -105 - 74
17
Calculate -88 + 15 + (13 - 6).
-66
What is 9 + 8 + (-1 + 7 - (31 - 17))?
9
Calculate 2 + 2 - (-72 - -147 - 90).
19
Calculate -2 - -25 - (1031 + -983).
-25
Calculate -116 + (16 - (15 + -16 + 12 + 8)).
-119
What is the value of (-37 - -23) + (-3 - 2) - (31 + -16)?
-34
What is the value of 20189 - 20144 - (-28 + 0)?
73
Evaluate -5 + 1 + -18 + (151 - 120).
9
Evaluate 39 + (4 - (2 + 4 + 1) - 0).
36
What is (2 - -1) + -74 + 4 + (-43 - -53 - 11)?
-68
What is (-4 - (3 + 10 - 14)) + (7 - (-7 - -4))?
7
Calculate 9 + -34 + (-68 - (-139 + -50)).
96
What is the value of -16 - 1 - ((-55 + 13 - 14) + -14)?
53
(-18 - -34) + (-60 - (-15 - (-8 - -3)))
-34
What is the value of 54 + (-30 - (13 + 56))?
-45
Evaluate -115 - (-11 + 0 + 15 + -7 + -9).
-103
What is the value of -71 + 42 + -33 + 29?
-33
44 + -125 + -28 + (15 - -4)
-90
What is 51 - 126 - (13 + -50)?
-38
(-44 - -21 - -53) + -62
-32
24 - (593 + -568 + (-4 - 1))
4
What is the value of (733 - 700 - (-1 + 55)) + 3?
-18
Calculate -7 + 26 + (-9 - -9) - 74.
-55
-12 - -113 - (73 - (-33 - -76))
71
Calculate (31 - 47) + (-13 + 2 - -5) + 8.
-14
(-1 - -14 - 15) + 2 + -48 + -1 + -13
-62
What is the value of (-114 - -257) + -233 - (-31 - -1)?
-60
13 + -2 + (-9 - 15) + 65 - 11
41
Calculate -21 + 58 + (6 - 19) - 90.
-66
-13 + (17 - 2) + (-4 - 8) + (3 - 40)
-47
What is (7 - (-24 - -45)) + -22?
-36
Evaluate (-1 - 198) + (3432 - 3409) - -48.
-128
-392 + 511 + -6 + -34 - (6 - -2)
71
What is the value of (74 - 1) + (-18 - 1) + 362 + -335?
81
Calculate -40 - -18 - -15 - (-9 - 2) - 68.
-64
Calculate -4 + 3 - 0 - (34 + -9 + -49 + 27).
-4
Evaluate (9 + -1 + -5 - 11) + -5 + 24 - -5.
16
Evaluate 41 + 8 + 35 - (-5 - (-14 + -8)).
67
Evaluate (-69 - 3 - -1 - (-485 - -492)) + -22.
-100
What is -2 - (-20 + 6 + 17 + (-3 - -65) + 1)?
-68
Evaluate -4 - 8 - -16 - ((-4 - (3 + -7)) + 10).
-6
Evaluate -31 + (-53 - (-71 - -7)).
-20
Calculate (64 - 46) + 27 + -7 + 9.
47
What is 1 + 12 + (-91 - (-127 + 63))?
-14
Evaluate (-91 - -47) + 66 - -54.
76
What is -3 + -29 - (5 + (-10 - -2) - (0 + -4))?
-33
What is 62 + -5 + 656 + -682?
31
Evaluate 3 + (-4 - (2 + -10 + 2)) + -11 - 39.
-45
Evaluate -269 - -279 - (1 + 0) - -15.
24
Calculate -70 - (-24 + 26 + 12 - (-5 - -30)).
-59
-3 - -2 - 2 - (230 + -263)
30
What is the value of (-17 - -26 - (-9 + 9)) + -44?
-35
What is 7 + -3 - 5 - -13 - (-14 - -70)?
-44
-7 + 19 + -21 - 10 - -16
-3
Evaluate (-4 + 3 - -9) + -104 + 117 + 69.
90
Evaluate 37 - (-37 - -7) - 42.
25
Calculate (9 + 17 - (4 + 12)) + 1 + 2.
13
What is -48 + (-25 + 30 - -28)?
-15
What is -47 + (26 + -2 - 9)?
-32
84 + -44 + 4 + -50 + 2 + 26
22
Evaluate (4 - -21 - 23) + 18 - (-4 - -119).
-95
Calculate 114 + 71 + -146 + 20.
59
What is -3 - (-27 + (44 - 26) + 2)?
4
1 - (-6 + (2 - (-1 + -3)) + -2)
3
Evaluate -27 + (-6 - (10 - 22)) - (3 - 17).
-7
Calculate 9 - 4 - -11 - (-17 + 33 - 24 - 41).
65
What is 3 + -52 + 50 + -37?
-36
What is -5 + (7 - 10) + 17 + 0 + -10?
-1
30 - 15 - 48 - -8 - -46
21
What is (50 + -42 - (2 + 28)) + 8 - 12?
-26
Calculate 0 - -26 - (131 - (190 + -22)).
63
Calculate 107 + (-101 - 42) - -46.
10
What is the value of -1 - 0 - (299 + -320) - 3?
17
7 + -22 + -4 + 5 + -29
-43
Calculate -13 + (-27 - 16) + 38.
-18
Evaluate (18 - 2) + (3 - (-17 - -93)).
-57
Evaluate (11 - -10) + (48 - (22 + -21 - -26)).
42
What is -89 - (13 - 9) - (5 + (7 - 14))?
-91
2 + (8 - 3 - (102 - 57))
-38
Evaluate -19 - ((-37 - -44) + (20 - 22 - (0 + 9))).
-15
What is -15 - (12 - 6) - -16 - (-5 + 31)?
-31
-28 - -39 - (-5 + 2 + -1 + 6 + -4)
13
-71 + 67 + 3 + 14 + (4 - 9)
8
What is 25 + -34 + 7 - ((0 - (-41 - -6)) + -6)?
-31
What is the value of 2 - 32 - (387 + -394)?
-23
Evaluate -39 - -61 - (2 + 17) - -3 - (-5 - 0).
11
-10 - (0 - (-17 + -21 + 63))
15
Calculate 7 + (64 - (33 - 5 - 43)).
86
Evaluate (-12401 - -12374) + -2 + -48.
-77
-135 - (-72 - (32 + -26))
-57
What is the value of 3 + 0 - (-85 + 236 + -63)?
-85
What is -3 + -6 - (35 - (-55 - -49))?
-50
-729 + 700 + (-3 + 2 - -14) + -56
-72
What is ((-9 - (-10 + 5)) + -12 - -7) + 8?
-1
What is -17 - (-46 + 30) - -12?
11
What is the value of -10